 = -a + 2*a, 3*c = -4*a + 11. Let q(h) = h. Determine q(c).
5
Let b(g) be the first derivative of g**2/2 - 9*g - 77. Give b(9).
0
Suppose 0 = n - 3 - 3. Suppose 7*y - n = 4*y. Let c(p) be the first derivative of -3*p**2/2 + p - 4. What is c(y)?
-5
Let p(u) = u - 5. Suppose 4*f - 765 = -n, -3*f + 0*n = n - 573. Let r be (f/(-80))/((-4)/10). What is p(r)?
1
Let n(h) = -h - 4. Let a(m) = 6*m + 30. Let y(o) = -a(o) - 5*n(o). Calculate y(-7).
-3
Let b(j) = 3*j - 5 - 2 + 1. Suppose -188 + 83 = -15*z. Calculate b(z).
15
Let d be ((5 - 9) + 5)/((-2)/(-122)). Let b = d + -58. Let a(p) = p**3 - 2*p**2 - 4*p + 2. Give a(b).
-1
Suppose -4*f = 567 - 555. Let t(c) = 9*c + 5. What is t(f)?
-22
Let w(t) = t**2 - 1. Let d be w(2). Let a(f) = 3*f**2 - 22 + 0*f**2 - f**2 + 14 + 5*f. Let z(s) = -s**2 - 3*s + 4. Let h(p) = -4*a(p) - 7*z(p). What is h(d)?
-2
Let l(s) be the first derivative of s**3/3 - s**2/2 + s + 69. Calculate l(6).
31
Let f = 4 - -2. Let g(b) = -f*b + 3*b + 2*b - 2*b**3. Let v be (-5 - -3)*(-13)/(-26). Determine g(v).
3
Let v(n) be the second derivative of n**5/4 + n**3/6 - n + 27. What is v(1)?
6
Let j(n) = -n**2 + n + 1. Let y(l) = 4*l**2 - 19*l - 4. Let h(q) = -5*j(q) - y(q). Give h(-14).
-1
Suppose 1135 = -65*g - 162*g. Let v(c) = -6 - 6 + 5 - c. Determine v(g).
-2
Let s(k) = k**3 - k + 5. Suppose -5*y + 15 = -3*w, 0 = -4*w - 0*w + 5*y - 15. Suppose -5*l + 5*f - 25 = w, 3*l - 2*f + 8 = -2. Calculate s(l).
5
Let a(k) = 4*k - 28. Suppose 86*f = 873 - 357. What is a(f)?
-4
Let v(m) = m**3 + 35*m**2 + 95*m - 33. Let n be v(-32). Let w(q) = -3*q. What is w(n)?
3
Let t(h) = 3*h**3 + 2*h**2 + 2*h - 7. Suppose -4*g + 63 = 55. Let s(v) = -4*v**3 - 3*v**2 - 3*v + 7. Let a(w) = g*s(w) + 3*t(w). Give a(0).
-7
Let t be 4/14 - (-36)/21. Suppose -2*b + t = -b. Let h(s) = -2 - 6*s + b*s + 2*s. Give h(-5).
8
Suppose 3*p - 2 = 25. Let z(k) = k**3 + 8 - k + k**2 - 16 + p. Let f = 0 - 0. What is z(f)?
1
Let j(g) = -g + 14. Suppose n - 28 = -3*n. Suppose n = -2*v + 19. Determine j(v).
8
Let j(r) = 2*r**3 + r + 2. Let v be -1*-2*(1 + -3 + 6). Suppose 8*f + v = 12*f. Give j(f).
20
Let o(q) = -q**2 + 4*q + 5. Suppose -1 = -x - s, -2*x - s - 11 = -3*x. Calculate o(x).
-7
Let a(i) = 3*i - 1. Suppose 6*y + 125 + 31 = 0. Let c be ((-72)/15)/((-1)/5). Let b = c + y. Determine a(b).
-7
Suppose 5*y + 3 = 4*u - 17, 0 = -4*u - 2*y + 20. Suppose -u*i + 5*o = 43 - 3, -25 = -5*o. Let z(m) = -17*m + 1 + 6*m + 5*m + 7*m. Calculate z(i).
-2
Let u(k) be the first derivative of 52 + 1/3*k**3 + 7*k + 7/2*k**2. Let w = -1 - 6. Give u(w).
7
Let u(m) = 3*m + 51. Let z(p) = -p - 17. Let q(n) = 6*u(n) + 17*z(n). Let v(d) = d**2 - 8*d - 48. Let c be v(12). Determine q(c).
17
Let x(g) = g + 11. Let l be x(0). Let k(n) = 8*n**3 - 53*n**2 + 9 + 10*n - 9*n**3 + 63*n**2. Determine k(l).
-2
Let y(r) be the first derivative of r**3/3 + 5*r**2 + 5*r + 122. Determine y(-9).
-4
Suppose 5*v = 12 - 2. Let y(r) = 3*r**2 + v - r + r**3 + r + r. Suppose 6*i - 30*i - 48 = 0. Calculate y(i).
4
Let o(l) = -7*l**2 + 18*l - 9. Let y(s) = s**2 - 4*s + 1. Let v(d) = o(d) + 6*y(d). Let z = 4 - 10. What is v(z)?
-3
Suppose -3*i = 3*w - 42, 25*i - 20*i + 3*w - 66 = 0. Let k(b) = b**2 - 10*b - 21. Calculate k(i).
3
Let g = 490 - 481. Let p(i) = i**3 - 10*i**2 + 11*i - 12. Determine p(g).
6
Let m(x) be the third derivative of 7*x**5/60 + x**4/24 - x**3/6 - 2*x**2 + 107. Let o be 1*2 + 0 + -3. Let l be (o + -1)/(-3 + 1). Calculate m(l).
7
Let q(z) = 2*z + 15. Let v be q(-8). Let x be (v - 11)*(-3)/(-6). Let k = 12 + x. Let m(s) = -s**2 + 6*s - 1. Give m(k).
-1
Let k(a) = 2*a**2 + a + 2. Let l be k(0). Let q = 4 - l. Let h be 0/((3 + -1)/q). Let u(p) = -p + 13. What is u(h)?
13
Let k(l) = l**3 - 2*l + 1. Let u(v) = v. Let m be u(1). Let a be (m + 1)*45/15. Suppose -o + 8 = a. Calculate k(o).
5
Suppose 0 = 3*b + 5*w + 20, 13*b - 8*b = 5*w + 20. Let y(v) = -v**3 + v + 7. What is y(b)?
7
Let r(p) = p**2 + 3*p + 1. Let j(v) = -v**2 + 15*v + 38. Let b be j(17). Suppose d - 5*u + 6 = -0, -b*u = -4. Give r(d).
-1
Suppose 4*q = 3*q - 3. Let k be (-1)/((0 + 1)/q). Let n(b) = 7 - b + b**2 - 10 + k*b. Calculate n(-3).
0
Let u(z) = z**2 + 10*z - 34. Let f(p) = 3*p**2 - 48*p + 176. Let o be f(9). Give u(o).
5
Let q(x) = -5*x**3 + 12*x**2 - 10*x - 7. Let k = 2 - 3. Let s = -121 + 125. Let l(z) = -z**3 + z**2 - z. Let v(n) = k*q(n) + s*l(n). Calculate v(7).
0
Let o(m) = 4*m + 143. Let x(l) = -l - 35. Let y(n) = -6*o(n) - 26*x(n). What is y(-27)?
-2
Suppose 0 = -12*h + 9*h + 6, l = 4*h - 15. Let f(d) = -d**3 - 6*d**2 + 8*d - 1. What is f(l)?
-8
Suppose 2*m = -5 - 3. Let f(a) be the second derivative of a**4/12 + a**3/6 - a**2 - 306*a. Calculate f(m).
10
Let m(c) be the third derivative of c**5/60 + c**4/8 - c**3 - 2*c**2. Let r = 37 - 35. Suppose 0 = -r*b - 0*z - 2*z - 2, 4*b = -5*z. What is m(b)?
4
Let s(m) be the second derivative of m**3/3 - 3*m**2/2 + 6*m. Let w be s(2). Suppose -2*d = w + 5. Let v(a) = -a**3 - 4*a**2 - 2*a + 2. Calculate v(d).
-1
Let b(f) = -19*f**3 - 3*f**2 + 9*f. Let j(k) = -21*k**3 - 3*k**2 + 11*k. Let z(p) = 7*b(p) - 6*j(p). Calculate z(-1).
7
Let c(x) = -3*x - 11. Let l(b) be the third derivative of -5/6*b**3 - 1/12*b**4 + 0*b + 9*b**2 + 0. Let j(d) = 6*c(d) - 13*l(d). Give j(-1).
-9
Let v(p) = -p**3 + p**2 - p + 2. Let o be v(0). Suppose o*d - 3*d + a - 3 = 0, 0 = -3*d - 5*a - 25. Let i(t) = -t**2 - 4*t - 2. Calculate i(d).
-7
Let c(x) = x + 3. Let n(r) = -1. Let u(k) = -c(k) - 2*n(k). Let b = -39 - -57. Suppose 0 = 6*j + 48 - b. What is u(j)?
4
Suppose v + 2 = 0, h = -4*h - 4*v - 58. Let m = -7 - h. Let c(s) = s + 1. Determine c(m).
4
Let g(y) = -5*y**2 - 5*y + 1. Let m(b) = -2*b**2 - b**2 + 42*b - 46*b. Let u(o) = -3*g(o) + 4*m(o). Calculate u(-3).
27
Let y(n) = 3*n + 1. Let r = -23 - -24. Let b be y(r). Let q(k) = -b*k**2 + 10*k**2 - 5*k**2 - 2. Give q(0).
-2
Let v(i) = -12 + 4*i**3 + 10*i**2 + i - 11*i**2 - 3*i**3. Give v(0).
-12
Let j(x) be the first derivative of x**4/2 + x**3/6 - 17*x**2/2 - 17. Let p(y) be the second derivative of j(y). Give p(-1).
-11
Suppose -1 = -5*z + 9. Let c(s) = -6 - z*s + 0*s + 8 + 2. What is c(3)?
-2
Suppose 0 = 5*s - 5*j - 0 - 5, -3*s + 2*j = 0. Let l = 25 + -22. Let o(f) = -f - 3*f + f - 3*f**2 - 2*f**l + 2*f. What is o(s)?
6
Let v(j) = -j**2 - 8*j - 1. Suppose -5*i + 4 = -2*q, -q - i + 0 = 2. Let d be 20/(10/q) - 4. Determine v(d).
-1
Let d(z) be the third derivative of -z**5/60 - z**4/4 + z**3 + 2*z**2. Suppose 0*f = -5*f - 235. Let n = 41 + f. Determine d(n).
6
Suppose -5*l - 4*u + 5 = -0*u, -29 = 3*l - 4*u. Let d(x) be the second derivative of x**5/20 + x**4/6 + 2*x**2 - 106*x. Give d(l).
-5
Let n(s) = -s**3 - s. Let g(c) be the first derivative of c**4 + 4*c**3/3 + 4*c**2 - 3*c - 2. Let k(d) = g(d) + 5*n(d). Give k(4).
9
Let y(x) = 27*x**3 + x**2 - x - 1. Let u be -3*-15*(-4)/(-18). Let z(m) = -m**2 + 12*m - 21. Let h be z(u). Determine y(h).
-26
Let q(c) = -11*c + 11. Suppose 0 = -29*l + 47 + 98. What is q(l)?
-44
Let s be -5 + 5 - (-2 - 0). Let v(x) = -3*x**s - 5 + 7*x + 5*x**2 - 3*x**2. Suppose -2*m = -2*p - 4, -2*p + 45 = 12*m - 7*m. What is v(m)?
-5
Let l(c) = -c**2 - 7*c + 6. Let i(w) = 2*w**2 + 7*w - 5. Let k(f) = 2*i(f) + 3*l(f). Give k(6).
2
Let y be 2/4 + ((-21)/(-2) - 0). Let x = y - 12. Let v(j) = -3*j. What is v(x)?
3
Let a(n) = -9 + n + 0*n - 11 - 2. Let t be a(16). Let d(i) = i + 5. Determine d(t).
-1
Let u = -103 + 98. Let n(r) = -r**3 - 5*r**2 + 2*r + 18. Let o be n(u). Let h(m) = m**2 - 8*m + 9. Give h(o).
9
Let i(w) be the third derivative of 1/3*w**3 + 1/24*w**4 - 1/60*w**6 + 24*w**2 + 0*w - 1/20*w**5 + 0. What is i(-2)?
4
Let p(x) = x**3 - 5*x**3 + 6*x**3 - 3*x**2 + 7*x - 3*x**3 + 5. Suppose 3*m + m - 3*i + 1 = 0, -i - 4 = 3*m. Let y = -3 + m. Give p(y).
-7
Let p(k) = -3*k + 20. Suppose -3*h + 5*l + 9 = -5, 4*l + 16 = 3*h. What is p(h)?
-4
Let q = -12 - -7. Let b = 14 + q. Suppose 4*v - b = 3. Let a(x) = -2*x**2 + 2*x + 4. Calculate a(v).
-8
Let v(d) be the second derivative of 31*d + 5/6*d**3 - 5/12*d**4 + 0*d**2 + 0 + 1/20*d**5. Calculate v(4).
4
Let a(n) = n**3 + 6*n**2 - 25. Suppose -54*q - 198 = -21*q. Give a(q).
-25
Let y(b) = 8*b + 67. Let o be y(-8). Let z(u) be the second derivative of 0*u**o + 1/12*u**4 + 1/2*u**2 - 5*u + 0. Calc